+ 3*c + 0*c = 132. Let r = 21 - l. Let d(h) = 2*h + 5. What is d(r)?
-7
Let a be 44/2 + 28/(-7). Suppose 22*m = a*m. Let h(p) = -p**3 - p**2 + 31. What is h(m)?
31
Let t(w) = w**2 + 2*w - 4. Let g(i) = -i**3 - 6*i**2 - 5*i - 5. Let k = 60 + -65. Let f be g(k). What is t(f)?
11
Suppose 115*n + 24 = 127*n. Let y(s) be the third derivative of -1/24*s**4 + 0 + 0*s + 1/3*s**3 + 6*s**n. What is y(3)?
-1
Suppose 0 = 5*v, 15*c - 13*c + 3*v + 6 = 0. Let q(r) = -7*r - 7. What is q(c)?
14
Let k be (-5 + (-42)/(-3))/(-1). Let q(f) = -f**3 - 10*f**2 - 9*f - 8. Calculate q(k).
-8
Let p = 22 - 11. Suppose 0 = -5*h - u - p, 2*h + 11 = h + 2*u. Let y(z) be the third derivative of z**4/12 + z**3/3 + 28*z**2. Calculate y(h).
-4
Let x(h) = 4*h + 7. Let y(j) = -11*j - 19. Let c(d) = 17*x(d) + 6*y(d). Give c(-4).
-3
Let s(b) = b**3 - 4*b**2 + 3*b. Suppose d = -5, -17*d = -5*u - 20*d - 5. Calculate s(u).
-2
Let j(b) be the first derivative of b**4/4 - b**3/3 + b**2 - b + 174. Let a(h) = h**3 - 6*h**2 + 2. Let u be a(6). What is j(u)?
7
Let k(b) = -11*b. Let l(u) = -u**2 + 2. Let y be (-10)/10*(2 - (-1 - -2)). Let g be l(y). Give k(g).
-11
Let s(i) = -i + 7. Suppose -15 + 85 = 5*v. Calculate s(v).
-7
Let i(l) = -3*l - 5*l**2 + l**2 + 2*l. Suppose -8*t + 9*t + 4*d - 33 = 0, 2*d = -t + 17. Give i(t).
-5
Let m(a) = -a**3 - 4*a**2 + 6*a - 2. Let c = 122 + -127. Give m(c).
-7
Let z(d) be the third derivative of d**6/120 + d**5/30 + d**4/12 - d**3/6 - 244*d**2. Give z(-3).
-16
Let g(y) = -4*y**2 - 3*y + 2. Suppose -4*w = -0*w - 20. Let n(q) = -7*q**2 - 7*q + 3. Let b(o) = w*g(o) - 3*n(o). What is b(-4)?
-7
Let r(q) = q**2 + 8*q + 9. Suppose -16 = i + 5*m, i - 11*m + 12*m = -8. Calculate r(i).
-3
Let t be 2 + -7 + (2 - -1) + -2. Let z(f) = 15*f**3 + 19*f**2 - 21*f - 25. Let b(m) = -7*m**3 - 9*m**2 + 10*m + 12. Let w(c) = 13*b(c) + 6*z(c). Determine w(t).
6
Let d be (-4)/(3 + 2*-2). Let x be (-9)/(-2)*d/(-3). Let s(z) = -4*z - 3 - 6*z**2 - 2*z**2 + 8*z**2 - z**2. Calculate s(x).
-15
Let h(k) be the second derivative of 1/12*k**4 - 3/2*k**2 - 17*k + 0 + 1/20*k**5 - 1/2*k**3. What is h(-2)?
-1
Let a(c) = -53*c - 10. Let l(s) = -19*s - 3. Let o(b) = -3*a(b) + 8*l(b). Calculate o(-4).
-22
Let x(q) be the second derivative of q**5/20 - 7*q**4/12 + q**3/6 - q**2/2 - 109*q. What is x(7)?
6
Let i = 183 + -63. Suppose 6*h - 120 = i. Suppose 0 = -5*g - h. Let a(x) = -x**2 - 9*x - 10. Calculate a(g).
-2
Let d(b) = b**2 + b - 7. Suppose 0*o = -5*o + 30. Let w(m) = -m + 6. Let a be w(o). Give d(a).
-7
Let p be (-2)/4 + (29/(-2) - -2). Let b be (-11)/(-13) - (-1)/(p/(-2)). Let m(h) = 20*h + 1. Give m(b).
21
Let m(i) = 0*i - 84 + 8*i**2 + i + 3*i**3 + 45 - 7*i**2 + 41. What is m(-2)?
-20
Let o(r) be the first derivative of -r**5/120 - r**4/6 - 20*r**3/3 + 45. Let l(u) be the third derivative of o(u). Give l(-4).
0
Let m = -8 + 10. Let v(a) = 3*a - m*a + 0*a - 7. Determine v(-5).
-12
Let p = 232 + -226. Let s(t) be the second derivative of t**4/12 - 4*t**3/3 + 3*t**2/2 + t. Give s(p).
-9
Let f = -87 - -151. Let r(k) = 65*k**3 + 6*k**2 - f*k**3 - 3*k**2 + 3*k. Suppose -3*p = -n + 13, 19 - 3 = 2*n - 4*p. Give r(n).
-2
Let x(i) be the second derivative of -i**4/4 - i**3/6 + i**2/2 + 2*i + 2. Determine x(-3).
-23
Let d be (2 - -3) + -1 + -11. Let j(g) be the second derivative of -g**5/20 - 2*g**4/3 - 4*g**3/3 + 7*g**2/2 + 13*g. Calculate j(d).
14
Let t = -813 + 816. Let i(n) = -4*n**2 - n - 7. What is i(t)?
-46
Let c(o) = -7*o**2 + 6*o - 5. Suppose 0 = 4*w - 5*w + 3. Let l(k) = -k**2 + 1 + w*k + 2*k - 6*k + 2*k**2. Let s(a) = -c(a) - 6*l(a). Calculate s(-3).
8
Let t(i) = 5*i - 5. Let u = 1468 - 1471. What is t(u)?
-20
Let s(i) = -i**3 - 2*i**2 + i. Suppose 0 = h + 3*h + 5*x + 27, -5*h + 3*x = 6. Let u be s(h). Let k(z) = z**2 - 4*z - 3. What is k(u)?
9
Let z(o) = 2*o**3 - 16*o**2 - 2*o + 9. Let a(r) = -3*r**3 + 20*r**2 + 2*r - 11. Let t(d) = 4*a(d) + 5*z(d). Let u = -5 + 6. Calculate t(u).
-3
Let v(a) be the third derivative of -a**5/60 + a**4/3 - 8*a**3/3 + 14*a**2. Let p be v(6). Let s(i) = i - 1. Determine s(p).
-5
Suppose 48 - 15 = -11*x. Let h(o) = o**2 - 1. Suppose 0*t + t = -1. Let m(y) = 6*y - 1. Let a(r) = t*m(r) - h(r). What is a(x)?
11
Let m = 53 + -48. Let a be m*4*(-2)/(-8). Let t(v) = -4*v**2 + 2. Let d(h) = 3*h**2 + h - 1. Let k(w) = 5*d(w) + 4*t(w). Give k(a).
3
Let q(g) = -g**2 + 7. Suppose 0*r = -2*r + 2. Let l be (-1 + 0)/(r/6). Let j(o) = o**2 + 7*o + 6. Let s be j(l). Calculate q(s).
7
Let o = 215 + -429/2. Let g(b) be the first derivative of -1/3*b**3 + o*b**4 + 2*b - 3/2*b**2 + 5. What is g(2)?
8
Let s(h) be the first derivative of h**2/2 - h + 8. Let m be (-1 + (2 - 1))/2. Suppose -5 = -m*d + d. Determine s(d).
-6
Let q(d) = -19*d**3 - 24*d**2 + 27*d - 9. Let u(b) = 5*b**3 - b**2 + 2. Let y(m) = -q(m) - 4*u(m). What is y(27)?
1
Let y(f) = -19*f**2 + 26*f + 7. Let c(w) = 7*w**2 - 10*w - 2. Let p(l) = 11*c(l) + 4*y(l). Give p(1).
1
Let a(q) = q**3 + 9*q**2 - 20*q + 31. Let m be a(-11). Let d(p) = p**2 - 7*p - 22. Calculate d(m).
-4
Let u(q) = -q - 5. Suppose 0 = -2*x - 26*x + 140. Give u(x).
-10
Let g(i) = 89*i + 13. Let o be g(0). Let d(p) = p**2 - 15*p + 9. Calculate d(o).
-17
Suppose 5*o = 2*o + 6. Let u(v) = -4*v**o - 2 + 6*v**3 - 2*v**3 - 3*v**3 - v. Let f be 0 - -5 - 7/7. Determine u(f).
-6
Suppose -6*a = -3*a. Let f(u) = u + 2. Let t(p) = -6*p - 18. Let s(o) = 5*f(o) + t(o). Give s(a).
-8
Let w(q) = -5*q + 1. Let m = -24 + 34. Suppose -3*n = -5*n + 4*y - m, 0 = y - 3. Determine w(n).
-4
Let l(m) = m**2 + 3*m - 3. Let n = -28 + 28. Suppose 3*x - 3 = -4*t, -4*t + n*t + 18 = -2*x. Give l(x).
-3
Suppose q + 34 = 5*w, 2*w = 4*w + 3*q. Suppose -3*t = -x + w, -x + 8 = -5*x - 4*t. Let o(k) = k + 4*k + x*k. What is o(-3)?
-15
Let p(f) = 126 - 5*f**2 + 4*f**2 - 249 + 135. Calculate p(0).
12
Let g(w) = -4*w**3 - 11*w**2 + 4*w - 6. Let c(q) = 3*q**3 + 11*q**2 - 3*q + 5. Let o(s) = 5*c(s) + 4*g(s). Determine o(11).
12
Let q(g) be the second derivative of g**7/840 - g**6/45 - g**5/120 + g**4/3 + 3*g**3/2 + 9*g. Let u(k) be the second derivative of q(k). Calculate u(8).
0
Let t(j) be the first derivative of 4/3*j**3 - j + 3 + 1/4*j**4 - 7/2*j**2. Let q(c) = 3*c + 4. Let d be q(-3). Give t(d).
9
Suppose -111*m = -121*m. Let p(y) = -y**3 - y + 7. What is p(m)?
7
Let t(h) = h**3 + 6*h**2 - 3*h + 2. Let m(x) = x + 1. Let y(c) = -2*m(c) + t(c). Let n(z) = z**2 - 7*z - 7. Let i be n(7). Give y(i).
-14
Let o(w) = w + 1. Let g(q) = -q**2 - 14*q - 19. Let n be g(-12). Suppose 4*x - 6 = n*x. Calculate o(x).
-5
Let h(m) be the third derivative of m**4/24 - 2579*m**2. Let j = 8 - 14. Calculate h(j).
-6
Let b be 30/(-16) + -2*4/64. Let q(x) = 8*x**2 + 4*x + 3. Calculate q(b).
27
Let v(s) be the second derivative of -s**4/3 - s**2/2 - 63*s. Give v(1).
-5
Suppose 4*j = d - 18 - 7, d = -j. Let h be 28/d + (28/10)/7. Let k(m) = -m**2 + 6*m + 4. Calculate k(h).
4
Let o(d) = 7*d**3 - 1. Let l(j) be the third derivative of 7*j**4/24 - 11*j**3/3 - 9*j**2. Let b be l(3). Determine o(b).
-8
Let h(z) be the second derivative of -z**3 + 21*z**2/2 + 233*z + 1. Give h(3).
3
Let u(p) = p - 32. Let o be u(32). Let y be o*(28/8 - 3). Let s(m) = -m**2 - m - 18. Determine s(y).
-18
Suppose 22 = -6*h + 58. Let q(j) = -j + 14. Calculate q(h).
8
Suppose -4*i = 59 - 55. Let x(n) = 18*n - 1. Give x(i).
-19
Let j(n) be the third derivative of n**6/120 + 2*n**5/15 - 5*n**4/12 - 7*n**3/6 - 61*n**2 + n. Determine j(-9).
2
Let u(s) be the third derivative of s**5/10 + s**3/2 + 213*s**2. Give u(-3).
57
Let b(k) = -5*k + 28. Let i(m) = -2*m + 10. Let l(n) = -3*b(n) + 8*i(n). Give l(-3).
-1
Let f(p) = p**2 + 4*p - 19. Let x be f(-10). Let t = x - 23. Let u = 19 - t. Let o(j) = 14*j**2 - 1. Give o(u).
13
Let h = 0 + 10. Let p(t) = 5 - 3 - 3 - h*t**3. Suppose -6 = 5*g - 11. Calculate p(g).
-11
Let k(j) be the first derivative of j**2 - 9*j + 1. Suppose 5*h - 55 = -5*d, 2*d + 1 - 30 = -3*h. What is k(h)?
5
Let g(j) = j**2 - j + j + 4*j + 1 + j. Let d(r) be the second derivative of r**3/6 - 5*r**2/2 + 2*r. Let t be d(0). Give g(t).
1
Suppose -4*x + 6*x - 6 = 0. Let a(d) = 13*d**2 + 11*d + 17. Let g(h) = 7*h**2 + 6*h + 9. Let b(v) = 6*a(v) - 11*g(v). Determine b(x).
12
Let z = 3 - -2. Suppose z*x = -3*b - 27, b = -3*b - 16. 